ided by 166.
5
Calculate the remainder when 2491709 is divided by 9474.
47
Calculate the remainder when 1461884 is divided by 145.
139
Calculate the remainder when 6073733 is divided by 30.
23
Calculate the remainder when 1315405 is divided by 6892.
5925
Calculate the remainder when 92252 is divided by 573.
572
What is the remainder when 8302495 is divided by 60?
55
Calculate the remainder when 25171773 is divided by 339.
6
What is the remainder when 158407176 is divided by 95?
91
What is the remainder when 310640 is divided by 7576?
24
Calculate the remainder when 1880701 is divided by 9.
7
What is the remainder when 1374367 is divided by 1587?
25
What is the remainder when 341004 is divided by 16037?
4227
What is the remainder when 1149761 is divided by 333?
245
What is the remainder when 3171192 is divided by 1566?
42
What is the remainder when 32271 is divided by 5259?
717
What is the remainder when 1148675 is divided by 2066?
2045
Calculate the remainder when 4572392 is divided by 1400.
1392
What is the remainder when 69078 is divided by 34505?
68
Calculate the remainder when 1480184 is divided by 237.
119
Calculate the remainder when 9207503 is divided by 745.
48
What is the remainder when 692980 is divided by 43308?
52
Calculate the remainder when 4019405 is divided by 71775.
5
Calculate the remainder when 56017 is divided by 432.
289
Calculate the remainder when 116479 is divided by 37588.
3715
What is the remainder when 33774267 is divided by 199?
186
What is the remainder when 26800199 is divided by 5400?
5399
What is the remainder when 142610 is divided by 5914?
674
What is the remainder when 53839238 is divided by 40?
38
What is the remainder when 75932 is divided by 1847?
205
What is the remainder when 7568652 is divided by 251?
249
What is the remainder when 11885 is divided by 11831?
54
What is the remainder when 21258744 is divided by 279720?
24
What is the remainder when 442284 is divided by 2817?
15
Calculate the remainder when 1996466 is divided by 332742.
14
Calculate the remainder when 122951 is divided by 40862.
365
What is the remainder when 510924 is divided by 1058?
968
What is the remainder when 16919498 is divided by 4750?
4748
What is the remainder when 645030 is divided by 52?
22
Calculate the remainder when 38538421 is divided by 2873.
2872
Calculate the remainder when 29457512 is divided by 2997.
2996
What is the remainder when 136407 is divided by 651?
348
Calculate the remainder when 46500 is divided by 45361.
1139
What is the remainder when 4437434 is divided by 556?
554
What is the remainder when 62714 is divided by 31234?
246
Calculate the remainder when 2497892 is divided by 9.
5
What is the remainder when 51304 is divided by 302?
266
Calculate the remainder when 5481727 is divided by 896.
895
What is the remainder when 17193592 is divided by 83464?
8
Calculate the remainder when 132530 is divided by 425.
355
Calculate the remainder when 6859889 is divided by 1143310.
29
What is the remainder when 498149 is divided by 591?
527
Calculate the remainder when 4175670 is divided by 2731.
2702
Calculate the remainder when 356728 is divided by 1388.
12
Calculate the remainder when 2454930 is divided by 1290.
60
Calculate the remainder when 73036 is divided by 24310.
106
What is the remainder when 1169651 is divided by 74?
7
Calculate the remainder when 471935 is divided by 234376.
3183
What is the remainder when 1337187 is divided by 668528?
131
What is the remainder when 107061127 is divided by 35687038?
13
Calculate the remainder when 257732 is divided by 166.
100
What is the remainder when 48344333 is divided by 24172160?
13
What is the remainder when 4696502 is divided by 2348242?
18
What is the remainder when 5343834 is divided by 8675?
34
Calculate the remainder when 18451821 is divided by 641.
636
What is the remainder when 5022910 is divided by 2511417?
76
Calculate the remainder when 18947078 is divided by 195330.
68
What is the remainder when 474248 is divided by 1889?
109
What is the remainder when 245996 is divided by 63?
44
Calculate the remainder when 18041868 is divided by 35.
33
What is the remainder when 3425923 is divided by 72?
19
What is the remainder when 186465 is divided by 93231?
3
What is the remainder when 215655646 is divided by 21565564?
6
What is the remainder when 11366579 is divided by 248?
243
What is the remainder when 208106 is divided by 4507?
784
Calculate the remainder when 283061 is divided by 4881.
4844
What is the remainder when 1331751 is divided by 173?
170
Calculate the remainder when 90080709 is divided by 72.
69
Calculate the remainder when 158906 is divided by 39691.
142
Calculate the remainder when 33898 is divided by 33623.
275
What is the remainder when 14810078 is divided by 1208?
1206
What is the remainder when 125993942 is divided by 48?
38
What is the remainder when 347529035 is divided by 397?
396
What is the remainder when 61144559 is divided by 120?
119
Calculate the remainder when 499756 is divided by 61425.
8356
What is the remainder when 162981 is divided by 4673?
4099
Calculate the remainder when 1078334 is divided by 215076.
2954
Calculate the remainder when 1966752 is divided by 602.
18
What is the remainder when 10705052 is divided by 433?
426
Calculate the remainder when 480361037 is divided by 387.
383
Calculate the remainder when 83460 is divided by 148.
136
What is the remainder when 125534 is divided by 40675?
3509
Calculate the remainder when 507595 is divided by 3700.
695
Calculate the remainder when 1223439 is divided by 184.
23
Calculate the remainder when 218512 is divided by 24266.
118
Calculate the remainder when 397383543 is divided by 11687751.
9
What is the remainder when 136551 is divided by 7184?
55
Calculate the remainder when 246148 is divided by 7028.
168
Calculate the remainder when 46807 is divided by 999.
853
Calculate the remainder when 236012 is divided by 2363.
2075
What is the remainder when 90488492 is divided by 265?
2
What is the remainder when 3800231 is divided by 563?
544
What is the remainder when 3122845 is divided by 329?
306
What is the remainder when 107937 is divided by 5449?
4406
What is the remainder when 688249 is divided by 201?
25
Calculate the remainder when 1102521 is divided by 84809.
4
What is the remainder when 696150 is divided by 46397?
195
Calculate the remainder when 1397077 is divided by 1130.
397
What is the remainder when 81489729 is divided by 22?
13
Calculate the remainder when 30066003 is divided by 6012.
6003
Calculate the remainder when 1829996 is divided by 130712.
28
Calculate the remainder when 1371063 is divided by 10389.
10104
Calculate the remainder when 3243115 is divided by 540518.
7
What is the remainder when 328442 is divided by 10944?
122
Calculate the remainder when 44748 is divided by 10863.
1296
What is the remainder when 22072924 is divided by 13?
3
Calculate the remainder when 2715325 is divided by 29.
26
Calculate the remainder when 3107003 is divided by 4.
3
Calculate the remainder when 113201 is divided by 3927.
3245
What is the remainder when 614818 is divided by 47293?
9
What is the remainder when 1625064 is divided by 599?
576
Calculate the remainder when 158082 is divided by 68.
50
What is the remainder when 1218582 is divided by 14502?
414
What is the remainder when 2051270 is divided by 100?
70
What is the remainder when 1613624 is divided by 446?
442
Calculate the remainder when 167460519 is divided by 3568.
7
What is the remainder when 25379539 is divided by 269995?
9
Calculate the remainder when 2294882 is divided by 174.
170
Calculate the remainder when 247692 is divided by 1096.
1092
What is the remainder when 6579267 is divided by 54824?
387
What is the remainder when 1659134 is divided by 141?
128
What is the remainder when 9024548 is divided by 30?
8
What is the remainder when 220546 is divided by 12833?
2385
What is the remainder when 83152 is divided by 10372?
176
What is the remainder when 1278260 is divided by 2045?
135
Calculate the remainder when 26670149 is divided by 705.
704
Calculate the remainder when 18907812 is divided by 6302604.
0
What is the remainder when 2368182 is divided by 29602?
22
What is the remainder when 218837 is divided by 6307